{"id":2,"date":"2019-05-12T12:52:55","date_gmt":"2019-05-12T09:52:55","guid":{"rendered":"http:\/\/bilgiedinme.yildiz.edu.tr\/?page_id=2"},"modified":"2019-05-30T19:46:59","modified_gmt":"2019-05-30T16:46:59","slug":"ornek-sayfa","status":"publish","type":"page","link":"https:\/\/bilgiedinme.yildiz.edu.tr\/","title":{"rendered":"Bilgi Edinme Hakk\u0131nda"},"content":{"rendered":"\n<h2>Kurulu\u015f Amac\u0131<\/h2>\n\n\n\n<p><br> 24.10.2003 tarih ve 25269 say\u0131l\u0131 Resmi Gazete&#8217;de yay\u0131nlanan 4982 say\u0131l\u0131 Bilgi Edinme Kanunu gere\u011fince haz\u0131rlan\u0131p, 27 Nisan 2004 tarih ve 25445 say\u0131l\u0131 Resmi Gazete&#8217;de yay\u0131nlanarak y\u00fcr\u00fcrl\u00fc\u011fe giren &#8221;Bilgi Edinme Hakk\u0131 Kanunu\u2019nun Uygulanmas\u0131na ili\u015fkin Esas ve Usuller Hakk\u0131nda Y\u00f6netmeli\u011fin&#8221; 8. maddesi gere\u011fince Kamu Kurum ve Kurulu\u015flar\u0131nda Bilgi Edinme Birimi kurulmas\u0131 gerekmektedir. \u00dcniversitemizde, bu birim \u0130leti\u015fim Koordinat\u00f6rl\u00fc\u011f\u00fc taraf\u0131ndan y\u00fcr\u00fct\u00fclmektedir.<\/p>\n","protected":false},"excerpt":{"rendered":"<p>Kurulu\u015f Amac\u0131 24.10.2003 tarih ve 25269 say\u0131l\u0131 Resmi Gazete&#8217;de yay\u0131nlanan 4982 say\u0131l\u0131 Bilgi Edinme Kanunu gere\u011fince haz\u0131rlan\u0131p, 27 Nisan 2004 tarih ve 25445 say\u0131l\u0131 Resmi Gazete&#8217;de yay\u0131nlanarak y\u00fcr\u00fcrl\u00fc\u011fe giren &#8221;Bilgi Edinme Hakk\u0131 Kanunu\u2019nun Uygulanmas\u0131na ili\u015fkin Esas ve Usuller Hakk\u0131nda Y\u00f6netmeli\u011fin&#8221; 8. maddesi gere\u011fince Kamu Kurum ve Kurulu\u015flar\u0131nda Bilgi Edinme Birimi kurulmas\u0131 gerekmektedir. \u00dcniversitemizde, bu birim \u0130leti\u015fim Koordinat\u00f6rl\u00fc\u011f\u00fc taraf\u0131ndan [&hellip;]<\/p>\n","protected":false},"author":1,"featured_media":0,"parent":0,"menu_order":0,"comment_status":"closed","ping_status":"open","template":"","meta":[],"_links":{"self":[{"href":"https:\/\/bilgiedinme.yildiz.edu.tr\/index.php?rest_route=\/wp\/v2\/pages\/2"}],"collection":[{"href":"https:\/\/bilgiedinme.yildiz.edu.tr\/index.php?rest_route=\/wp\/v2\/pages"}],"about":[{"href":"https:\/\/bilgiedinme.yildiz.edu.tr\/index.php?rest_route=\/wp\/v2\/types\/page"}],"author":[{"embeddable":true,"href":"https:\/\/bilgiedinme.yildiz.edu.tr\/index.php?rest_route=\/wp\/v2\/users\/1"}],"replies":[{"embeddable":true,"href":"https:\/\/bilgiedinme.yildiz.edu.tr\/index.php?rest_route=%2Fwp%2Fv2%2Fcomments&post=2"}],"version-history":[{"count":3,"href":"https:\/\/bilgiedinme.yildiz.edu.tr\/index.php?rest_route=\/wp\/v2\/pages\/2\/revisions"}],"predecessor-version":[{"id":52,"href":"https:\/\/bilgiedinme.yildiz.edu.tr\/index.php?rest_route=\/wp\/v2\/pages\/2\/revisions\/52"}],"wp:attachment":[{"href":"https:\/\/bilgiedinme.yildiz.edu.tr\/index.php?rest_route=%2Fwp%2Fv2%2Fmedia&parent=2"}],"curies":[{"name":"wp","href":"https:\/\/api.w.org\/{rel}","templated":true}]}}